me?
False
Is 968989199 a composite number?
True
Is 22688380915 a prime number?
False
Is 2231473889 a composite number?
True
Is 9900130193 composite?
False
Is 79182269 a prime number?
True
Is 7240565389 composite?
False
Is 196401637 a composite number?
True
Is 23414311519 prime?
True
Is 2080907753 a prime number?
False
Is 1381638809 a composite number?
False
Is 19642801637 prime?
False
Is 1504573133 composite?
True
Is 36947405959 prime?
False
Is 106252784395 a prime number?
False
Is 8455857623 a prime number?
True
Is 42391579281 composite?
True
Is 9697414541 composite?
True
Is 345161281 a prime number?
False
Is 2961969539 a composite number?
False
Is 959070367 a composite number?
True
Is 149217300137 prime?
True
Is 644652707 a prime number?
False
Is 7773997681 a composite number?
False
Is 6212491841 composite?
False
Is 1204984777 a composite number?
True
Is 2176739857 a prime number?
False
Is 194767553 composite?
True
Is 7567784051 prime?
True
Is 2127517829 prime?
False
Is 16894549121 a prime number?
True
Is 23391215083 a prime number?
True
Is 650234339 prime?
False
Is 20936808577 a composite number?
False
Is 108761862581 prime?
False
Is 15968407051 composite?
True
Is 418332979 prime?
True
Is 5157657499 a prime number?
False
Is 11175035009 a prime number?
False
Is 2205089519 a prime number?
True
Is 23492989239 composite?
True
Is 714666514 a composite number?
True
Is 194399885 a composite number?
True
Is 3879526967 a prime number?
False
Is 61903411 a prime number?
False
Is 854546747 a prime number?
True
Is 110361997177 a prime number?
False
Is 175216399013 prime?
False
Is 53125397131 composite?
True
Is 1130493563 a prime number?
True
Is 5564078479 prime?
True
Is 41651571107 composite?
True
Is 3413026667 prime?
False
Is 29976476939 a composite number?
False
Is 122931577 a prime number?
False
Is 851937661 prime?
True
Is 5561026981 a composite number?
True
Is 21095081114 composite?
True
Is 61699643 a composite number?
True
Is 352287197 a composite number?
True
Is 2412398683 composite?
True
Is 7063341893 a prime number?
True
Is 399398543 prime?
True
Is 25373458871 prime?
False
Is 1092962523 a composite number?
True
Is 1698372281 composite?
False
Is 1811340937 a prime number?
False
Is 11337310366 a prime number?
False
Is 2532055618 a prime number?
False
Is 31295745527 a composite number?
True
Is 11472402962 composite?
True
Is 1130685494 prime?
False
Is 116396780849 a composite number?
False
Is 1151082821 a prime number?
False
Is 37660407131 composite?
False
Is 12973493627 composite?
False
Is 3304597487 prime?
False
Is 5068728671 a prime number?
True
Is 977663257 a composite number?
True
Is 6956355689 prime?
True
Is 939917761 prime?
True
Is 318116317 composite?
False
Is 28622120077 a prime number?
True
Is 10193872229 composite?
True
Is 1902596999 a composite number?
False
Is 14571804543 composite?
True
Is 37537914899 a composite number?
True
Is 6100729519 composite?
True
Is 665432483 a composite number?
False
Is 221352647 prime?
False
Is 2062210063 prime?
True
Is 29460307627 a prime number?
False
Is 496527791 a composite number?
False
Is 22972422797 prime?
False
Is 6722011 composite?
True
Is 1133326769 a prime number?
True
Is 4284415249 composite?
False
Is 16511387 a prime number?
True
Is 74948207093 prime?
True
Is 2133601243 a prime number?
True
Is 7881008417 prime?
False
Is 16873468147 composite?
True
Is 136258817 composite?
False
Is 31460229179 prime?
False
Is 15718940053 prime?
True
Is 1362961459 composite?
True
Is 12666647951 a prime number?
False
Is 9098209307 prime?
False
Is 39151703453 a prime number?
False
Is 12333967013 composite?
True
Is 183605753 a prime number?
True
Is 1099478371 composite?
False
Is 681692483 a composite number?
True
Is 115659197 prime?
False
Is 2249200501 a composite number?
False
Is 36559508507 a prime number?
True
Is 38136013 a composite number?
True
Is 5568773989 composite?
False
Is 5873981297 a prime number?
False
Is 1467989366 a composite number?
True
Is 770749181 a prime number?
False
Is 26161139 a composite number?
True
Is 604181869 a prime number?
False
Is 24302250241 composite?
True
Is 10474201123 composite?
False
Is 1845534841 composite?
True
Is 9011452433 prime?
True
Is 1878202439 a prime number?
False
Is 15607321159 prime?
True
Is 349497119 a composite number?
True
Is 325816529 composite?
True
Is 40843277 a composite number?
True
Is 7214713 a composite number?
True
Is 3546215357 a composite number?
False
Is 8320908797 prime?
True
Is 47060369569 a prime number?
True
Is 11257537 prime?
True
Is 232234999 a prime number?
False
Is 8663393777 a composite number?
False
Is 164347139051 composite?
False
Is 42631913647 a prime number?
True
Is 38197669759 a prime number?
True
Is 331328737 prime?
False
Is 441611581 a composite number?
True
Is 977940763 composite?
True
Is 6878333327 a composite number?
False
Is 423870149 a prime number?
False
Is 7765599283 a composite number?
True
Is 1256087627 a composite number?
False
Is 2618819713 a prime number?
False
Is 194314853 composite?
True
Is 11682755993 a composite number?
True
Is 9328267867 a composite number?
False
Is 9169550701 a prime number?
True
Is 10381040669 composite?
False
Is 47169813485 a composite number?
True
Is 25682509 composite?
True
Is 3293869499 composite?
True
Is 335303303 prime?
True
Is 31367142743 a prime number?
True
Is 117970343 a composite number?
False
Is 71156485391 prime?
False
Is 12583792681 prime?
False
Is 37427029793 a composite number?
True
Is 5077264105 a prime number?
False
Is 3194999399 a prime number?
True
Is 3227851691 a prime number?
True
Is 15974889691 a prime number?
False
Is 552822797 prime?
False
Is 20607153473 composite?
False
Is 12177701353 composite?
False
Is 2461817041 prime?
True
Is 8177377249 prime?
True
Is 8652617 a prime number?
False
Is 2517000539 prime?
True
Is 4214591 a composite number?
False
Is 523352639 a composite number?
True
Is 921327791 a composite number?
False
Is 43426994627 a composite number?
True
Is 1266210601 a composite number?
False
Is 1130092781 prime?
True
Is 3649458679 prime?
False
Is 8806419043 prime?
True
Is 3103593673 a prime number?
True
Is 31207357121 prime?
False
Is 6909928483 composite?
False
Is 994312403 a composite number?
True
Is 1016716093 a composite number?
True
Is 229211994391 composite?
True
Is 258251183 prime?
True
Is 487388221 a prime number?
True
Is 182307243 a prime number?
False
Is 7897206003 prime?
False
Is 129821371 prime?
False
Is 1106961593 a prime number?
False
Is 35299898129 composite?
False
Is 49277922769 composite?
True
Is 10964488193 prime?
True
Is 977581169 a composite number?
True
Is 130020031 a prime number?
True
Is 31599127583 prime?
False
Is 8118434897 composite?
False
Is 169044833 a prime number?
False
Is 72252307 a prime number?
False
Is 18153995771 a composite number?
False
Is 12778013606 composite?
True
Is 19716606653 a composite number?
True
Is 11042101289 composite?
True
Is 104246119 prime?
True
Is 722233069 prime?
True
Is 3288099709 a prime number?
True
Is 142214539 a composite number?
False
Is 753368437 composite?
True
Is 1057627117 a prime number?
True
Is 2359670153 a prime number?
False
Is 59837503927 composite?
False
Is 18916697 a composite number?
False
Is 2577002221 a prime number?
True
Is 5501320327 prime?
False
Is 43809091 a composite number?
False
Is 11894559653 a prime number?
True
Is 35671111123 prime?
False
Is 560393497 composite?
False
Is 12298597 a composite number?
True
Is 356865323 composite?
False
Is 431742593 composite?
False
Is 2887601917 a composite number?
True
Is 62877849659 prime?
False
Is 18829386893 a composite number?
True
Is 3660417499 prime?
False
Is 699570841 composite?
False
Is 1322827958 composite?
True
Is 1468336451 a prime number?
True
Is 23205385199 a composite number?
True
Is 26766517109 prime?
True
Is 14769598697 a prime number?
False
Is 29921223149 a prime number?
False
Is 581561267 composite?
True
Is 1311937171 a composite number?
True
Is 750936523 composite?
False
Is 220855378 composite?
True
Is 1974466373 composite?
True
Is 10889574005 a composite number?
True
Is 1295319461 a composite number?
False
Is 1172311247 a composite number?
False
Is 134163619063 composite?
True
Is 1258441339 a prime number?
False
Is 493788751 compo